f 4451448?
1
What is the hundred thousands digit of 11765671?
7
What is the thousands digit of 88730?
8
What is the tens digit of 163463?
6
What is the tens digit of 25087626?
2
What is the ten thousands digit of 10741149?
4
What is the ten thousands digit of 84168?
8
What is the millions digit of 4259983?
4
What is the thousands digit of 2435925?
5
What is the millions digit of 5685617?
5
What is the hundred thousands digit of 3246249?
2
What is the hundred thousands digit of 929425?
9
What is the millions digit of 7599594?
7
What is the units digit of 50274?
4
What is the thousands digit of 635408?
5
What is the ten thousands digit of 864559?
6
What is the units digit of 1026508?
8
What is the hundreds digit of 9098149?
1
What is the thousands digit of 49963?
9
What is the hundreds digit of 4342073?
0
What is the tens digit of 1866?
6
What is the thousands digit of 2489782?
9
What is the units digit of 235845?
5
What is the millions digit of 13443403?
3
What is the thousands digit of 45117?
5
What is the hundreds digit of 24201162?
1
What is the ten thousands digit of 3354255?
5
What is the hundreds digit of 7671?
6
What is the tens digit of 3215?
1
What is the millions digit of 4083756?
4
What is the tens digit of 16311?
1
What is the units digit of 43504?
4
What is the ten thousands digit of 3325894?
2
What is the units digit of 5070122?
2
What is the tens digit of 22444?
4
What is the hundred thousands digit of 959653?
9
What is the hundreds digit of 9722066?
0
What is the thousands digit of 11388379?
8
What is the hundred thousands digit of 1274599?
2
What is the tens digit of 24342908?
0
What is the thousands digit of 38901?
8
What is the tens digit of 944253?
5
What is the hundreds digit of 183782?
7
What is the hundreds digit of 2972623?
6
What is the thousands digit of 40985?
0
What is the hundreds digit of 15518?
5
What is the tens digit of 371581?
8
What is the ten thousands digit of 394473?
9
What is the hundreds digit of 2028065?
0
What is the hundreds digit of 1014239?
2
What is the ten thousands digit of 627155?
2
What is the ten thousands digit of 1164507?
6
What is the hundred thousands digit of 1157075?
1
What is the ten thousands digit of 1350234?
5
What is the millions digit of 1098846?
1
What is the hundreds digit of 37899?
8
What is the units digit of 3658774?
4
What is the units digit of 4094227?
7
What is the millions digit of 31074905?
1
What is the hundred thousands digit of 162006?
1
What is the hundred thousands digit of 157832?
1
What is the units digit of 8045086?
6
What is the units digit of 1958055?
5
What is the tens digit of 178981?
8
What is the ten thousands digit of 3592018?
9
What is the ten thousands digit of 41984?
4
What is the hundreds digit of 2369432?
4
What is the ten thousands digit of 5833113?
3
What is the ten thousands digit of 766680?
6
What is the units digit of 1000448?
8
What is the hundred thousands digit of 2954884?
9
What is the units digit of 5652616?
6
What is the units digit of 15357887?
7
What is the units digit of 225575?
5
What is the hundreds digit of 14023697?
6
What is the hundred thousands digit of 134662?
1
What is the millions digit of 3945397?
3
What is the tens digit of 18597?
9
What is the hundreds digit of 2189952?
9
What is the units digit of 99791?
1
What is the hundreds digit of 466403?
4
What is the thousands digit of 925119?
5
What is the tens digit of 30107117?
1
What is the millions digit of 8912868?
8
What is the hundreds digit of 246854?
8
What is the hundreds digit of 168335?
3
What is the tens digit of 44969?
6
What is the ten thousands digit of 2217266?
1
What is the hundred thousands digit of 183472?
1
What is the thousands digit of 955871?
5
What is the hundreds digit of 8376358?
3
What is the ten thousands digit of 289659?
8
What is the hundred thousands digit of 12601585?
6
What is the ten thousands digit of 1089675?
8
What is the units digit of 190151?
1
What is the thousands digit of 2208028?
8
What is the tens digit of 193869?
6
What is the millions digit of 1718215?
1
What is the ten thousands digit of 4212316?
1
What is the tens digit of 481524?
2
What is the tens digit of 10479419?
1
What is the tens digit of 753270?
7
What is the hundred thousands digit of 17127756?
1
What is the hundred thousands digit of 1924309?
9
What is the thousands digit of 233483?
3
What is the tens digit of 61236?
3
What is the thousands digit of 1745163?
5
What is the hundred thousands digit of 7460221?
4
What is the ten thousands digit of 427030?
2
What is the thousands digit of 10235511?
5
What is the units digit of 75239?
9
What is the hundreds digit of 107383?
3
What is the tens digit of 1647479?
7
What is the ten millions digit of 20979619?
2
What is the hundred thousands digit of 253102?
2
What is the tens digit of 39658?
5
What is the tens digit of 607111?
1
What is the hundred thousands digit of 6264898?
2
What is the ten thousands digit of 459518?
5
What is the thousands digit of 32722546?
2
What is the hundreds digit of 883441?
4
What is the ten thousands digit of 449980?
4
What is the ten thousands digit of 6568616?
6
What is the hundreds digit of 3727754?
7
What is the ten thousands digit of 799461?
9
What is the thousands digit of 1163476?
3
What is the ten thousands digit of 906016?
0
What is the units digit of 5501919?
9
What is the hundreds digit of 3388420?
4
What is the units digit of 253586?
6
What is the units digit of 239298?
8
What is the tens digit of 497539?
3
What is the hundred thousands digit of 4621880?
6
What is the units digit of 1341630?
0
What is the ten thousands digit of 596679?
9
What is the ten thousands digit of 545887?
4
What is the ten thousands digit of 5255694?
5
What is the millions digit of 1422943?
1
What is the tens digit of 16909054?
5
What is the ten thousands digit of 209718?
0
What is the hundreds digit of 462519?
5
What is the ten thousands digit of 27637959?
3
What is the tens digit of 1726936?
3
What is the units digit of 235913?
3
What is the ten thousands digit of 5222265?
2
What is the hundreds digit of 1392076?
0
What is the units digit of 10407914?
4
What is the thousands digit of 1331224?
1
What is the millions digit of 7004869?
7
What is the thousands digit of 25530171?
0
What is the thousands digit of 7515205?
5
What is the tens digit of 231527?
2
What is the hundred thousands digit of 660539?
6
What is the hundreds digit of 1195881?
8
What is the hundreds digit of 272106?
1
What is the units digit of 6006125?
5
What is the thousands digit of 2246600?
6
What is the ten millions digit of 12703813?
1
What is the thousands digit of 434510?
4
What is the tens digit of 178451?
5
What is the thousands digit of 1425129?
5
What is the tens digit of 125164?
6
What is the hundreds digit of 228039?
0
What is the hundreds digit of 226481?
4
What is the thousands digit of 171490?
1
What is the units digit of 658051?
1
What is the millions digit of 1590143?
1
What is the hundred thousands digit of 9673247?
6
What is the ten thousands digit of 2687798?
8
What is the units digit of 4461876?
6
What is the tens digit of 1699885?
8
What is the units digit of 155583?
3
What is the thousands digit of 328342?
8
What is the millions digit of 1260587?
1
What is the thousands digit of 87757?
7
What is the hundreds digit of 11134406?
4
What is the hundreds digit of 467731?
7
What is the tens digit of 728101?
0
What is the units digit of 631884?
4
What is the thousands digit of 530492?
0
What is the units digit of 322232?
2
What is the hundreds digit of 1666168?
1
What is the units digit of 22361348?
8
What is the hundreds digit of 14059585?
5
What is the millions digit of 17582988?
7
What is the hundred thousands digit of 7757305?
7
What is the ten thousands digit of 2918365?
1
What is the ten thousands digit of 230931?
3
What is the ten thousands digit of 770898?
7
What is the thousands digit of 50247?
0
What is the tens digit of 777794?
9
What is the ten thousands digit of 36964?
3
What is the units digit of 3347718?
8
What is the millions digit of 4080321?
4
What is the hundreds digit of 205355?
3
What is the tens digit of 20447614?
1
What is the units digit of 15154292?
2
What is the thousands digit of 499725?
9
What is the tens d